 Let v be o(6). Calculate the greatest common factor of k and v.
6
Suppose 4*x + 101 = 3*z - 0, x - 121 = -3*z. Suppose 3*i - z = 5*l, l - 24 = -2*i + 5*l. Let a = -27 + 72. What is the highest common factor of a and i?
9
Suppose 0 = -3*s + 3 + 3. Let q be ((-33)/(-6)*2)/1. Suppose -2*t - l - l + 10 = 0, 5*t + q = 4*l. Calculate the highest common factor of t and s.
1
Let c be (56/8 - 21)*3/(-2). What is the greatest common factor of c and 7?
7
Suppose -5*x = -4 - 1. Suppose 0*r + 2*s = 3*r - x, 0 = -2*r - s - 4. Let d be (-16 - r)*(-6)/10. Calculate the greatest common divisor of 99 and d.
9
Suppose k + 12 = 3*s + 2*k, s - 5*k = 20. Suppose 4*q - 3*m - 9 - s = 0, 2*q = 5*m. Let j = 62 + -42. What is the highest common divisor of j and q?
5
Let m(p) = p**2 + p + 91. Let k be -3 + 2/(4/6). Let o be m(k). What is the greatest common factor of 13 and o?
13
Let s = 91 - 41. What is the highest common divisor of 5 and s?
5
Let p(w) = 26*w**2 + 2*w - 3. Let q be p(-3). Calculate the greatest common divisor of 90 and q.
45
Let z be 10*((-4 - 12/(-8)) + 3). What is the highest common divisor of z and 35?
5
Suppose -30 = -2*w - 2. Calculate the greatest common divisor of 21 and w.
7
Let m = 5 + -6. Let i = 3 - m. Let r(x) = -x + 5. Let b be r(i). What is the highest common factor of b and 9?
1
Suppose -4*y = -174 - 146. Suppose 4*j - 5*p + 1 = 0, 4*j - 3*p - 1 = -0*j. Let b be (4*j)/((-1)/(-2)). Calculate the greatest common divisor of y and b.
8
Suppose 2*u - 6 = 0, -145 + 1216 = 5*a - 3*u. Suppose a + 24 = 2*p. What is the greatest common divisor of p and 20?
20
Let i = 3 + 297. Suppose -104 = -y - 3*x, -2*y - y - 3*x = -i. Suppose -42 - 28 = -5*m. Calculate the highest common divisor of m and y.
14
Suppose 3*d + 2*d = 0. Suppose d = -2*u + 16 - 2. Calculate the highest common factor of 21 and u.
7
Let g be (-14)/77 - (-35)/11. Calculate the highest common divisor of 39 and g.
3
Suppose -8 + 2 = -3*q. Suppose -q*o = -o - 66. Let s = -2 + 13. What is the highest common factor of s and o?
11
Let g = 23 - 14. Let n = 4 - 2. Let o be n/8 - (-358)/8. What is the highest common divisor of g and o?
9
Let f(z) = 3*z**2 - 9*z - 9. Let g be f(7). What is the greatest common factor of g and 30?
15
Let l = -2 - -6. Suppose -4*s + 0 = l, -5*k + 18 = 2*s. Suppose 75 = 5*r + 3*v + 2*v, 4*v = 2*r. What is the highest common factor of k and r?
2
Suppose -38 = -4*f + 30. Let y = -1 - -18. What is the highest common factor of f and y?
17
Let i be 28*(-3 + 0 - -5). Calculate the greatest common divisor of 7 and i.
7
Let c = 42 - -30. What is the greatest common factor of 8 and c?
8
Let g be 0 + 0 + (-4 - -4). Suppose -4*r + 3*y - 53 = 0, -5*r - 68 = -g*r - 2*y. Let o be 764/28 - (-4)/r. What is the greatest common divisor of o and 9?
9
Suppose n + 1 = -6*x + 5*x, -4*x - n = 1. Suppose 3*g - 226 - 14 = x. What is the highest common factor of g and 20?
20
Suppose c + w - 22 = -3*c, 0 = c + 3*w. Calculate the highest common divisor of c and 54.
6
Let v = -83 + 132. Calculate the greatest common divisor of 7 and v.
7
Suppose 5*o = 3*q + 22 - 9, 4*q = -3*o + 2. Let f be (-10)/(o - (6 + -2)). Suppose 4*t - 225 = -t. Calculate the greatest common factor of t and f.
5
Suppose -m - 2*m = -12. Suppose -4*g + 247 = z, 124 = m*g - 2*z - 138. Suppose 0 = -0*a - a + g. What is the greatest common divisor of 9 and a?
9
Suppose -4*g + 78 + 2 = 0. Suppose -2*c = -3*j - g, c + 0*c = j + 8. Calculate the greatest common factor of c and 8.
4
Let j be (-6)/(-9) + 14/6. Let t be 5/4 + 4/(-16). Let i be t*(-6)/(-1) + -3. Calculate the greatest common factor of i and j.
3
Let h = -41 + 53. Calculate the highest common factor of 30 and h.
6
Suppose -3*i + 90 = 3*p, 94 = 3*i - 0*p + p. Calculate the greatest common factor of 80 and i.
16
Suppose 3*j - 2*r = -j + 314, j - 4*r - 68 = 0. Calculate the greatest common divisor of j and 20.
20
Suppose -124 = -3*t + 4*x, 2*x - 5*x - 225 = -5*t. Suppose -16 = -26*w + 25*w. What is the highest common divisor of t and w?
16
Let a(d) = d**2 - 11*d + 1. Let x be a(11). Suppose 0 = 4*n - 4*g - 12 - 4, 0 = -2*g. Let u = x + n. Calculate the greatest common divisor of 10 and u.
5
Suppose -62 = -2*x - q - 24, 0 = x + q - 18. Calculate the highest common divisor of x and 4.
4
Suppose 5*p + 3 - 8 = 0, -4*p = 4*y - 84. Suppose 66 = f - 3*f. Let s = -3 - f. What is the highest common factor of s and y?
10
Suppose -2*j + 24 = 5*w + 117, 0 = -4*w - 4. Let v = -23 - j. Calculate the highest common factor of 147 and v.
21
Let k be (4/10)/((-2)/(-10)). Suppose 2*j = -k*s - j + 374, s - 4*j = 187. What is the greatest common divisor of s and 17?
17
Let m be (-2)/((-87)/(-88) - 1). Calculate the greatest common factor of m and 16.
16
Suppose -136 = -3*o + 260. Calculate the greatest common divisor of 12 and o.
12
Let x be (11*-3 - -1)*-3. Suppose 4*j = -0*j + x. What is the greatest common factor of j and 3?
3
Let h = 0 + 4. Suppose 3*b - 123 + 8 = 5*a, 0 = 4*a - h. What is the highest common divisor of b and 4?
4
Let b = 89 - 69. Let c = 218 - -2. Calculate the highest common divisor of c and b.
20
Let g = -97 - -127. Calculate the greatest common divisor of g and 80.
10
Let c = 10 + -5. Let i = c - -1. Let f = 50 - 35. What is the greatest common divisor of i and f?
3
Suppose -4*g - g + 35 = 0. What is the greatest common factor of g and 1?
1
Suppose 0*u = -4*u + 36. Calculate the highest common factor of u and 72.
9
Let j(k) = -1. Let t(p) = -8*p**2 - 1. Let l(u) = j(u) - t(u). Let v be l(-1). Let w be (12/10)/(3/10). What is the highest common factor of w and v?
4
Suppose 0*n + 8 = -n. Let h = n - -24. Suppose 2*c = -0*c + 48. Calculate the greatest common factor of c and h.
8
Suppose 4*n - 7 + 19 = 0. Let h be (-713)/n - (-2)/(-3). Let v be h/2 - 4/(-8). Calculate the greatest common divisor of 17 and v.
17
Let q = 14 - 7. Suppose -q - 2 = -c. Let z = 22 - -5. Calculate the greatest common divisor of c and z.
9
Let s(v) = v**3 - 3*v**2 - 2*v - 5. Let t be s(4). Suppose f - 68 = -g, t*f - f = 3*g - 189. Calculate the greatest common divisor of g and 13.
13
Let j = -16 + 28. Calculate the greatest common divisor of j and 12.
12
Let h(l) = l - 10. Let m be h(-5). Let t be (40/m)/(4/(-30)). Calculate the greatest common factor of t and 220.
20
Let u be 6/(-8) - (-22)/8. Suppose 2*m = 8, 3*o + 0*o - 235 = u*m. Calculate the greatest common factor of 9 and o.
9
Suppose -5*s + 168 = -s. Let a(j) = -j**3 + 7*j**2 + 8*j - 6. Let x be a(5). Suppose -3*c + 0*c = -x. Calculate the greatest common factor of s and c.
14
Suppose 3*o - 6*o = 126. Let g = 23 + o. Let u = g + 55. Calculate the highest common divisor of 4 and u.
4
Let z be (161/14 - 4)/((-1)/(-2)). What is the greatest common divisor of 45 and z?
15
Let w(q) = -q**3 - 2*q**2 - q - 4. Let z be w(-4). Calculate the greatest common factor of 8 and z.
8
Suppose -3*l = -3*c + l + 13, -10 = -3*c + l. Let y = -22 - -16. Let q be (-38)/y - (-2)/c. What is the highest common divisor of 1 and q?
1
Let c = 15 - 12. What is the highest common divisor of c and 2?
1
Let t(h) = -h**2 - 33*h + 30. Let l be t(-32). Calculate the greatest common divisor of 558 and l.
62
Suppose 5*f - 713 = -73. Suppose -c = -3*c + f. Calculate the highest common divisor of c and 8.
8
Let z = -6 - -10. Suppose -5*r + 2*r - z*y + 24 = 0, -4*r - 2*y + 32 = 0. Let h be 4/8*(-2 + r). Calculate the highest common divisor of 6 and h.
3
Suppose 0 = 4*r - 9*r + 70. Calculate the greatest common factor of 98 and r.
14
Let m = -111 - -120. What is the greatest common divisor of 45 and m?
9
Suppose -v = v - 56. What is the greatest common factor of 4 and v?
4
Let x(y) = 2 - 3 + y**2 + 0*y**2 - 3*y. Let p be x(4). What is the highest common divisor of 3 and p?
3
Let i be ((-6)/5)/((-2)/10). Let f be 24/3*(-66)/(-8). What is the highest common factor of f and i?
6
Let a(m) = -2*m**3 - 8*m**2 - 13*m - 6. Let i be a(-6). What is the greatest common divisor of 24 and i?
24
Let u(n) = n**3 - n**2 + 15. Let b be u(0). Let j = 0 - -5. Suppose j*o = -10 + 25. What is the greatest common divisor of b and o?
3
Let a = -2 + 18. Let c(n) = -4*n + 26. Let v be c(6). What is the greatest common factor of a and v?
2
Let d = 15 + -23. Let s = d - -14. Calculate the greatest co